{"id":113,"date":"2026-03-24T11:44:42","date_gmt":"2026-03-24T08:44:42","guid":{"rendered":"https:\/\/www.teknofest.online\/?post_type=product&#038;p=113"},"modified":"2026-04-02T16:26:26","modified_gmt":"2026-04-02T13:26:26","slug":"teknofest-yetiskin-kadin-tunik","status":"publish","type":"product","link":"https:\/\/www.teknofest.online\/?product=teknofest-yetiskin-kadin-tunik","title":{"rendered":"TEKNOFEST Yeti\u015fkin Kad\u0131n Tunik"},"content":{"rendered":"<div class=\"w-full flex flex-col gap-1\">\n<div class=\"font-tfStoreNormal text-sm text-[#BDBFC1]\">\n<div class=\"w-full flex flex-col gap-1\">\n<div class=\"font-tfStoreNormal text-sm text-[#BDBFC1]\">\n<div class=\"w-full flex flex-col gap-1\">\n<div class=\"font-tfStoreNormal text-sm text-[#BDBFC1]\">\n<div class=\"w-full flex flex-col gap-1\">\n<div class=\"font-tfStoreNormal text-sm text-[#BDBFC1]\">\n<p>TEKNOFEST \u0130nce Ya\u011fmurluk Kad\u0131n Abiye Tarz\u0131\u00a0Yeti\u015fkin Uzun Mont<\/p>\n<\/div>\n<\/div>\n<div class=\"w-full my-10\">\n<form id=\"addBasket\" class=\"h-full w-full flex flex-col gap-3 overflow-hidden\" method=\"POST\" name=\"addBasketForm\">\n<div class=\"grid grid-cols-12 md:gap-14 flex flex-row justify-start items-center\"><\/div>\n<\/form>\n<\/div>\n<\/div>\n<\/div>\n<div class=\"w-full my-10\">\n<form id=\"addBasket\" class=\"h-full w-full flex flex-col gap-3 overflow-hidden\" method=\"POST\" name=\"addBasketForm\">\n<div class=\"grid grid-cols-12 md:gap-14 flex flex-row justify-start items-center\"><\/div>\n<\/form>\n<\/div>\n<\/div>\n<\/div>\n<\/div>\n<\/div>\n","protected":false},"excerpt":{"rendered":"<div class=\"w-full flex flex-col gap-1\">\n<div class=\"font-tfStoreNormal text-sm text-[#BDBFC1]\">\n<div class=\"w-full flex flex-col gap-1\">\n<div class=\"font-tfStoreNormal text-sm text-[#BDBFC1]\">\n<p>TEKNOFEST \u0130nce Ya\u011fmurluk Kad\u0131n Abiye Tarz\u0131\u00a0Yeti\u015fkin Uzun Mont<\/p>\n<\/div>\n<\/div>\n<div class=\"w-full my-10\">\n<form id=\"addBasket\" class=\"h-full w-full flex flex-col gap-3 overflow-hidden\" method=\"POST\" name=\"addBasketForm\">\n<div class=\"grid grid-cols-12 md:gap-14 flex flex-row justify-start items-center\"><\/div>\n<\/form>\n<\/div>\n<\/div>\n<\/div>\n<div class=\"w-full my-10\">\n<form id=\"addBasket\" class=\"h-full w-full flex flex-col gap-3 overflow-hidden\" method=\"POST\" name=\"addBasketForm\">\n<div class=\"grid grid-cols-12 md:gap-14 flex flex-row justify-start items-center\"><\/div>\n<\/form>\n<\/div>\n","protected":false},"featured_media":104,"comment_status":"open","ping_status":"closed","template":"","meta":[],"product_brand":[18],"product_cat":[17],"product_tag":[30,32,27,33,31],"class_list":{"0":"post-113","1":"product","2":"type-product","3":"status-publish","4":"has-post-thumbnail","6":"product_brand-teknofest","7":"product_cat-mont","8":"product_tag-ince","9":"product_tag-mont","10":"product_tag-teknofest","11":"product_tag-tunik","12":"product_tag-yagmurluk","14":"first","15":"instock","16":"sale","17":"taxable","18":"shipping-taxable","19":"purchasable","20":"product-type-variable"},"jetpack_sharing_enabled":true,"_links":{"self":[{"href":"https:\/\/www.teknofest.online\/index.php?rest_route=\/wp\/v2\/product\/113","targetHints":{"allow":["GET"]}}],"collection":[{"href":"https:\/\/www.teknofest.online\/index.php?rest_route=\/wp\/v2\/product"}],"about":[{"href":"https:\/\/www.teknofest.online\/index.php?rest_route=\/wp\/v2\/types\/product"}],"replies":[{"embeddable":true,"href":"https:\/\/www.teknofest.online\/index.php?rest_route=%2Fwp%2Fv2%2Fcomments&post=113"}],"wp:featuredmedia":[{"embeddable":true,"href":"https:\/\/www.teknofest.online\/index.php?rest_route=\/wp\/v2\/media\/104"}],"wp:attachment":[{"href":"https:\/\/www.teknofest.online\/index.php?rest_route=%2Fwp%2Fv2%2Fmedia&parent=113"}],"wp:term":[{"taxonomy":"product_brand","embeddable":true,"href":"https:\/\/www.teknofest.online\/index.php?rest_route=%2Fwp%2Fv2%2Fproduct_brand&post=113"},{"taxonomy":"product_cat","embeddable":true,"href":"https:\/\/www.teknofest.online\/index.php?rest_route=%2Fwp%2Fv2%2Fproduct_cat&post=113"},{"taxonomy":"product_tag","embeddable":true,"href":"https:\/\/www.teknofest.online\/index.php?rest_route=%2Fwp%2Fv2%2Fproduct_tag&post=113"}],"curies":[{"name":"wp","href":"https:\/\/api.w.org\/{rel}","templated":true}]}}